 2*q + 3. Determine p(4).
11
Let g(l) = -5*l - 32. What is g(-5)?
-7
Let l(g) = -g**3 - 6*g**2 - 10*g - 2. Determine l(-4).
6
Let p(t) = -6*t**2 - 25*t - 7. What is p(-6)?
-73
Let l(j) = -2*j**2 - 43*j + 49. Give l(-23).
-20
Let f(z) = -12*z + 58. Determine f(21).
-194
Let t(g) = 3*g**2 - 54*g + 44. What is t(17)?
-7
Let l(m) = m**3 + 9*m**2 + 10*m + 8. Give l(-8).
-8
Let t(x) = x**3 - 7*x**2 + 5*x + 7. Give t(5).
-18
Let m(s) = -s**2 - s - 15. Determine m(3).
-27
Let a(r) = 3*r**2 + 11*r - 30. Determine a(7).
194
Let x(b) = 5*b - 7. What is x(-2)?
-17
Let f(s) = s**2 + 12*s + 24. Calculate f(-9).
-3
Let i(s) = s**2 - 2*s - 8. Determine i(5).
7
Let i(y) = -23*y + 1. Determine i(1).
-22
Let k(n) = -6*n**2 - 4*n + 5. Determine k(1).
-5
Let q(x) = 77*x - 19. Give q(1).
58
Let i(b) = -4*b + 16. Calculate i(4).
0
Let o(m) = -m**3 + 14*m**2 - m - 9. What is o(14)?
-23
Let p(z) = -z**2 - 12*z - 11. Calculate p(-9).
16
Let y(x) = x**2 - 6*x + 3. Calculate y(7).
10
Let p(k) = -k**3 - 2*k**2 + 5*k - 2. Give p(2).
-8
Let o(p) = 2*p**3 - 12*p**2 + 8*p + 24. What is o(3)?
-6
Let p(b) = -46*b - 67. Give p(-2).
25
Let o(u) = -7*u + 19. Determine o(3).
-2
Let w(c) = -c**2 + 10*c - 5. Calculate w(8).
11
Let k(x) = x**2 + 56*x - 522. What is k(-64)?
-10
Let s(h) = h**3 + 6*h**2 - 10*h - 16. Give s(-7).
5
Let s(t) = 3*t - 3. What is s(-6)?
-21
Let p(l) = -2*l - 35. Determine p(-11).
-13
Let l(u) = -u**3 - 11*u**2 - 19*u + 6. Determine l(-9).
15
Let u(m) = m**2 - 3. Calculate u(-3).
6
Let z(y) = -y**3 + 9*y**2 + 2*y - 15. Give z(8).
65
Let k(m) = 6*m + 41. Calculate k(-10).
-19
Let t(z) = -4*z**2 - 5*z + 4. What is t(3)?
-47
Let p(w) = -3*w - 22. Calculate p(-8).
2
Let l(f) = -6*f + 6. Determine l(7).
-36
Let v(s) = -2*s**2 - 4*s + 2. Give v(4).
-46
Let s(r) = 79*r + 315. Give s(-4).
-1
Let i(t) = 3*t + 13. Calculate i(-9).
-14
Let k(b) = -8*b + 20. Calculate k(11).
-68
Let j(z) = 2*z**2 + 51*z - 21. Calculate j(-26).
5
Let r(w) = -w**2 - 55*w - 382. Determine r(-47).
-6
Let q(k) = -k**3 - 11*k**2 - 19*k - 16. Calculate q(-9).
-7
Let u(k) = k - 9. Give u(-3).
-12
Let a(b) = 2*b**3 - 13*b**2 + 6*b - 7. Give a(6).
-7
Let t(j) = -4*j + 34. Give t(0).
34
Let z(g) = g**3 - 2*g**2 + 4. Give z(3).
13
Let m(p) = p**3 - 4*p**2 - p + 6. Determine m(4).
2
Let p(f) = 2*f**3 + 2*f**2 + f + 2. What is p(-2)?
-8
Let f(w) = 5*w - 4. Determine f(4).
16
Let p(h) = 73*h + 12. Calculate p(-2).
-134
Let t(f) = -f**3 - 4*f**2 - 2*f - 6. What is t(-4)?
2
Let h(d) = 10*d - 3. Determine h(1).
7
Let u(q) = -q**2 + 16*q + 25. Determine u(18).
-11
Let v(d) = 2*d**2 - 2*d + 8. What is v(4)?
32
Let n(v) = 2*v - 12. What is n(6)?
0
Let o(j) = -j**3 + j**2 + 39*j - 15. Give o(-6).
3
Let q(h) = -h**3 + 44*h**2 - 50*h + 297. Calculate q(43).
-4
Let s(l) = l**2 - 5*l - 49. What is s(-5)?
1
Let q(o) = -o**2 - 5*o + 13. Determine q(-8).
-11
Let z(h) = h + 17. Determine z(-21).
-4
Let l(z) = -20*z - 168. What is l(-8)?
-8
Let o(m) = m**3 + m**2 + 2*m - 2. Give o(0).
-2
Let y(z) = -z**2 - 12*z - 21. Give y(-6).
15
Let b(m) = -m**3 - 33*m**2 - 32*m + 86. Calculate b(-32).
86
Let f(y) = -y**3 - 4*y**2 + y - 4. Determine f(-4).
-8
Let w(z) = -z**3 + 4*z**2 + 4*z + 8. Determine w(6).
-40
Let l(w) = -2*w**2 + 28*w - 45. Calculate l(2).
3
Let z(a) = -8*a**2 - a - 1. Give z(-3).
-70
Let r(k) = -3*k**2 - 9*k - 7. Determine r(-2).
-1
Let k(o) = o - 8. Calculate k(1).
-7
Let s(p) = -p**2 + 18*p - 27. Calculate s(16).
5
Let j(t) = t**3 - 7*t**2 - 14*t + 20. What is j(8)?
-28
Let p(q) = -11*q + 26. Calculate p(2).
4
Let c(s) = -6*s**2 - 12*s - 1. Give c(-2).
-1
Let k(h) = -2*h**3 - 8*h**2. Give k(-4).
0
Let b(g) = -55*g**3 - g**2 - 2*g. What is b(-1)?
56
Let c(w) = 2*w**3 + 11*w**2 - 3*w + 6. Give c(-6).
-12
Let k(t) = -36*t - 907. Calculate k(-25).
-7
Let t(h) = 8*h + 5. Give t(-6).
-43
Let q(l) = -l**2 + 4*l + 14. Calculate q(5).
9
Let g(o) = o**3 + 10*o**2 - 10*o - 2. What is g(-11)?
-13
Let y(s) = s**2 - 30*s + 127. Determine y(25).
2
Let k(i) = i**3 - i**2 + 3*i + 6. Determine k(0).
6
Let u(v) = -v**2 + 17*v - 8. Determine u(16).
8
Let m(s) = 2*s**2 - 13*s. Calculate m(6).
-6
Let f(q) = 54*q + 163. Determine f(-3).
1
Let i(q) = -3*q**2 - 16*q - 11. Calculate i(-6).
-23
Let w(g) = 10*g - 11. What is w(0)?
-11
Let t(c) = -c - 5. What is t(21)?
-26
Let t(n) = 4*n - 6. Determine t(6).
18
Let d(n) = 10*n**3 + n**2 - 2*n + 1. What is d(1)?
10
Let w(l) = -6*l - 24. Give w(-6).
12
Let s(f) = f**3 - 9*f**2 + f - 9. Determine s(9).
0
Let m(x) = -x**2 + 2*x + 4. What is m(5)?
-11
Let z(o) = -o**2 + 6*o + 15. Determine z(7).
8
Let o(a) = a**3 + 1. What is o(1)?
2
Let j(o) = -o**3 - 7*o**2 - 8*o - 5. Calculate j(-6).
7
Let u(q) = 4*q + 82. What is u(-29)?
-34
Let w(g) = -g**3 - 41*g**2 - 78*g + 15. Determine w(-39).
15
Let c(s) = -s**2 + 3*s. What is c(3)?
0
Let s(g) = g + 33. Calculate s(-6).
27
Let z(t) = -2*t**2 + 104*t - 3. Calculate z(52).
-3
Let t(n) = -n**3 - 5*n**2 - 3*n - 4. Determine t(-2).
-10
Let u(m) = m**2 - 5. Give u(-5).
20
Let g(s) = -11*s + 39. Give g(-2).
61
Let h(x) = -7*x + 3. What is h(-6)?
45
Let v(o) = o + 11. Determine v(-10).
1
Let u(w) = w**2 + 3*w + 108. Give u(0).
108
Let l(q) = q + 3. What is l(5)?
8
Let v(u) = 3*u**3 + 5*u**2 - 3*u + 1. Give v(2).
39
Let z(h) = h**3 + 9*h**2 + 16*h - 8. Calculate z(-7).
-22
Let f(h) = 2*h + 3. What is f(8)?
19
Let b(t) = 79*t**2 - 6*t + 5. Give b(1).
78
Let i(g) = -g**3 - 6*g**2 + 29*g + 19. Give i(-9).
1
Let o(r) = r**2 + 7*r - 98. What is o(6)?
-20
Let i(c) = -c**3 + 6*c**2 + 6*c + 13. Calculate i(7).
6
Let l(n) = 6*n - 37. Give l(9).
17
Let t(l) = -l**2 - 30*l - 165. Give t(-23).
-4
Let w(k) = 26*k - 3. What is w(-1)?
-29
Let i(l) = -4*l + 72. What is i(29)?
-44
Let u(r) = -r**2 + 6*r - 23. Calculate u(14).
-135
Let a(g) = -g**3 + 7*g**2 - 8*g - 3. Calculate a(8).
-131
Let w(b) = -b**3 + 14*b**2 + 17*b - 2. Determine w(15).
28
Let p(m) = -m + 7. Determine p(5).
2
Let c(x) = -x**3 - 2*x**2 + x - 11. Determine c(0).
-11
Let d(n) = 2*n + 22. Determine d(8).
38
Let l(j) = -j**3 - 4*j**2 + 12*j + 1. Give l(-6).
1
Let d(m) = -m**2 + 33*m - 34. Give d(26).
148
Let g(w) = -2*w**2 - 21*w + 63. Calculate g(-13).
-2
Let v(r) = r**3 + 9*r**2 + 2*r - 8. Calculate v(-9).
-26
Let r(l) = -l**3 - 14*l**2 + l - 29. Give r(-14).
-43
Let t(v) = v**2 - 3*v - 14. Calculate t(-3).
4
Let x(y) = y**3 - 6*y**2 - 2*y - 6. What is x(6)?
-18
Let g(d) = -d**2 - 36*d - 25. What is g(-35)?
10
Let q(o) = 11*o + 40. Calculate q(-6).
-26
Let t(j) = 3*j**2 - 39*j + 27. What is t(12)?
-9
Let w(y) = y**2 + 17*y - 24. What is w(-18)?
-6
Let l(z) = z**2 - 25*z - 52. Calculate l(27).
2
Let d(i) = -i**2 + 14*i. Determine d(10).
40
Let o(n) = 4*n**2 + 27*n - 4. Determine o(-7).
3
Let y(p) = p - 9. Give y(4).
-5
Let n(r) = -r**2 - 10*r. Calculate n(5).
-75
Let z(g) = -g**2 - g - 1. What is z(-9)?
-73
Let r(d) = -d**3 + 6*d**2 - 7*d + 1. Calculate r(5).
-9
Let m(t) = -t**3 - t**2 - t - 7. Give m(0).
-7
Let o(t) = -t**2 - 14*t + 4. Determine o(-6).
52
Let y(g) = -4*g + 13. Give y(5).
-7
Let i(r) = -r**2 - r + 2. Calculate i(-2).
0
Let q(l) = -3*l + 4. Calculate q(4).
-8
Let o(s) = -s**3 + 2*s**2 + 3*s + 2. What is o(4)?
-18
Let a(c) = -92*c - 178. Give a(-2).
6
Let g(d) = d**3 + 9*d**2 - 2*d - 16. Calculate g(-9).
2
Let z(h) = -h**3 + 8*h**2 + 11*h - 18. Calculate z(9).
0
Let r(m) = 86*m + 359. What is r(-4)?
15
Let y(p) = 37*p + 29. Calculate y(-1).
-8
Let c(s) = -s**3 - 6*s**2 - 5*s - 1. Determine c(-4).
-13
Let p(y) = -y - 6. Calculate p(0).
-6
Let k(w) = w**3 - 13*w**2 - 14*w + 4. What is k(14)?
4
Let k(c) = c**2 + 8*c + 4. Give k(-9).
13
Let s(d) = d - 9. What is s(-4)?
-13
Let c(g) = g + 23. Give c(-17).
6
Let k(c) = 2*c**3 - 19*c**2 - 10*c + 14. Calculate k(10).
14
Let j(q) = -3*q**3 + 2*q**2 - 2*q + 1. Determine j(1).
-2
Let a(u) = -u**2 + 17*u + 11. Calculate a(16).
27
Let y(p) = -4*p - 17. Give y(-4).
-1
Let o(u) = u**2 - 25*u + 2. Give o(25).
2
Let j(m) = 4*m**2 + 5*m + 5. Determine j(-2).
11
Let z(u) = -u**3 - 3*u**2 + u - 2. Give z(-3).
-5
Let z(n) = -n**3 - 7*n**2 - 7*n - 5. Determine z(-6).
1
Let i(f) = f**3 + 59*f**2 - 252*f + 6. Calculate i(-63).
6
Let o(l) = -2*l**2 - 27*l + 52. What is o(-15)?
7
Let v(n) = n**2 - 24*n - 1. Calculate v(24).
-1
Let h(a) = 17*a + 3. Determine h(